millions digit of 7385381?
7
What is the tens digit of 3762238?
3
What is the hundreds digit of 738379?
3
What is the hundreds digit of 31411?
4
What is the hundreds digit of 3780937?
9
What is the ten millions digit of 20458382?
2
What is the hundreds digit of 307067?
0
What is the units digit of 69326?
6
What is the thousands digit of 169480?
9
What is the hundred thousands digit of 1262178?
2
What is the ten thousands digit of 10408364?
0
What is the hundreds digit of 522274?
2
What is the hundreds digit of 43092?
0
What is the hundreds digit of 34701?
7
What is the millions digit of 4174095?
4
What is the thousands digit of 386320?
6
What is the tens digit of 1215215?
1
What is the units digit of 13111658?
8
What is the hundred thousands digit of 5106948?
1
What is the millions digit of 19979435?
9
What is the thousands digit of 279816?
9
What is the tens digit of 1745363?
6
What is the millions digit of 15130054?
5
What is the tens digit of 1859869?
6
What is the millions digit of 13987962?
3
What is the hundred thousands digit of 2070812?
0
What is the units digit of 172309?
9
What is the ten thousands digit of 10749928?
4
What is the millions digit of 9332330?
9
What is the hundred thousands digit of 3855807?
8
What is the units digit of 336632?
2
What is the millions digit of 1292717?
1
What is the ten thousands digit of 363995?
6
What is the tens digit of 1493295?
9
What is the hundred thousands digit of 220000?
2
What is the units digit of 779373?
3
What is the hundreds digit of 201623?
6
What is the hundred thousands digit of 17758981?
7
What is the thousands digit of 159977?
9
What is the tens digit of 194013?
1
What is the millions digit of 2700181?
2
What is the thousands digit of 391471?
1
What is the ten thousands digit of 925890?
2
What is the ten thousands digit of 4461847?
6
What is the thousands digit of 557143?
7
What is the millions digit of 1009290?
1
What is the hundred thousands digit of 9551298?
5
What is the hundred thousands digit of 486985?
4
What is the tens digit of 58398?
9
What is the hundred thousands digit of 212242?
2
What is the thousands digit of 2718431?
8
What is the tens digit of 3362657?
5
What is the thousands digit of 965122?
5
What is the hundred thousands digit of 16901603?
9
What is the hundred thousands digit of 138495?
1
What is the hundreds digit of 526764?
7
What is the millions digit of 1085461?
1
What is the units digit of 1935564?
4
What is the hundreds digit of 96414?
4
What is the millions digit of 1902244?
1
What is the ten thousands digit of 2388665?
8
What is the tens digit of 200399?
9
What is the ten thousands digit of 3155383?
5
What is the hundred thousands digit of 2234041?
2
What is the hundred thousands digit of 28535849?
5
What is the ten thousands digit of 784863?
8
What is the hundreds digit of 195765?
7
What is the hundred thousands digit of 2009663?
0
What is the hundred thousands digit of 9352449?
3
What is the tens digit of 9154207?
0
What is the thousands digit of 292690?
2
What is the ten thousands digit of 5166656?
6
What is the ten thousands digit of 144561?
4
What is the tens digit of 526290?
9
What is the millions digit of 2364712?
2
What is the thousands digit of 826512?
6
What is the hundreds digit of 130559?
5
What is the tens digit of 2119599?
9
What is the hundreds digit of 2302845?
8
What is the units digit of 7185891?
1
What is the hundred thousands digit of 521003?
5
What is the thousands digit of 12227?
2
What is the tens digit of 298694?
9
What is the tens digit of 413507?
0
What is the hundreds digit of 342687?
6
What is the tens digit of 157137?
3
What is the units digit of 2102551?
1
What is the hundred thousands digit of 173417?
1
What is the thousands digit of 316408?
6
What is the hundreds digit of 3134604?
6
What is the units digit of 10883145?
5
What is the ten thousands digit of 7128142?
2
What is the units digit of 2698214?
4
What is the hundreds digit of 22021279?
2
What is the hundreds digit of 41420?
4
What is the hundreds digit of 3227311?
3
What is the tens digit of 1437959?
5
What is the tens digit of 5063898?
9
What is the tens digit of 74111?
1
What is the hundred thousands digit of 2658874?
6
What is the ten thousands digit of 577578?
7
What is the hundreds digit of 78886?
8
What is the ten thousands digit of 233859?
3
What is the hundred thousands digit of 30990908?
9
What is the tens digit of 68704?
0
What is the tens digit of 1293067?
6
What is the millions digit of 2725421?
2
What is the thousands digit of 3620510?
0
What is the hundred thousands digit of 1535825?
5
What is the units digit of 396846?
6
What is the tens digit of 6046616?
1
What is the thousands digit of 23088?
3
What is the units digit of 233751?
1
What is the hundred thousands digit of 20702101?
7
What is the units digit of 138700?
0
What is the ten thousands digit of 638458?
3
What is the ten thousands digit of 2104556?
0
What is the tens digit of 106228?
2
What is the millions digit of 1693734?
1
What is the thousands digit of 244259?
4
What is the millions digit of 7659804?
7
What is the tens digit of 182959?
5
What is the hundred thousands digit of 405666?
4
What is the tens digit of 290125?
2
What is the tens digit of 2889994?
9
What is the units digit of 296696?
6
What is the hundred thousands digit of 461244?
4
What is the tens digit of 5525599?
9
What is the units digit of 861247?
7
What is the thousands digit of 102722?
2
What is the ten thousands digit of 1827319?
2
What is the tens digit of 169344?
4
What is the tens digit of 1115912?
1
What is the thousands digit of 12341475?
1
What is the hundreds digit of 4817204?
2
What is the ten thousands digit of 331102?
3
What is the ten thousands digit of 2787635?
8
What is the ten thousands digit of 212101?
1
What is the units digit of 3890631?
1
What is the thousands digit of 119145?
9
What is the ten thousands digit of 262111?
6
What is the hundreds digit of 144525?
5
What is the hundreds digit of 6496299?
2
What is the thousands digit of 39852329?
2
What is the tens digit of 873833?
3
What is the hundred thousands digit of 271804?
2
What is the hundred thousands digit of 244506?
2
What is the hundred thousands digit of 507154?
5
What is the units digit of 196313?
3
What is the thousands digit of 3613241?
3
What is the ten thousands digit of 1283559?
8
What is the units digit of 1582393?
3
What is the ten thousands digit of 12667354?
6
What is the ten thousands digit of 674934?
7
What is the thousands digit of 796346?
6
What is the ten thousands digit of 88366?
8
What is the hundreds digit of 84425?
4
What is the units digit of 6909870?
0
What is the millions digit of 4740734?
4
What is the hundred thousands digit of 418989?
4
What is the units digit of 373175?
5
What is the tens digit of 27745796?
9
What is the hundred thousands digit of 571864?
5
What is the hundreds digit of 635354?
3
What is the ten thousands digit of 179712?
7
What is the thousands digit of 18423469?
3
What is the units digit of 8191173?
3
What is the units digit of 3002762?
2
What is the hundred thousands digit of 1142802?
1
What is the hundreds digit of 7118?
1
What is the hundred thousands digit of 154785?
1
What is the hundreds digit of 1079613?
6
What is the hundred thousands digit of 258368?
2
What is the tens digit of 569351?
5
What is the tens digit of 303207?
0
What is the units digit of 26858177?
7
What is the hundreds digit of 5158?
1
What is the units digit of 2720813?
3
What is the millions digit of 13351362?
3
What is the units digit of 6495249?
9
What is the thousands digit of 889690?
9
What is the units digit of 1454861?
1
What is the ten thousands digit of 2687781?
8
What is the units digit of 205100?
0
What is the hundreds digit of 245478?
4
What is the hundreds digit of 1595378?
3
What is the hundreds digit of 3466229?
2
What is the ten thousands digit of 234576?
3
What is the hundreds digit of 3079892?
8
What is the ten thousands digit of 110372?
1
What is the thousands digit of 1144621?
4
What is the hundreds digit of 173200?
2
What is the ten thousands digit of 1777090?
7
What is the tens digit of 146407?
0
What is the millions digit of 2430707?
2
What is the tens digit of 2092578?
7
What is the units digit of 28